ite number?
False
Is 284389 composite?
True
Is 938933 a composite number?
True
Is 114265 prime?
False
Is 14078 composite?
True
Is 3761 prime?
True
Is 249595 a composite number?
True
Is 40861 prime?
False
Is 1029247 a prime number?
True
Is 283441 a composite number?
True
Is 2860891 a composite number?
True
Is 1185889 prime?
True
Is 1657 composite?
False
Is 1319 a composite number?
False
Is 1712609 a prime number?
False
Is 27595 prime?
False
Is 11089 prime?
False
Is 4169 a prime number?
False
Is 433429 a prime number?
True
Is 9169 prime?
False
Is 1909 a prime number?
False
Is 197867 prime?
False
Is 2297573 a prime number?
True
Is 653 a prime number?
True
Is 6805 composite?
True
Is 198845 prime?
False
Is 1277 a prime number?
True
Is 15989 composite?
True
Is 583 a prime number?
False
Is 8213 prime?
False
Is 13751 composite?
False
Is 75343 prime?
False
Is 537 composite?
True
Is 805607 a composite number?
True
Is 524131 a composite number?
True
Is 17337 prime?
False
Is 3457 composite?
False
Is 59263 prime?
True
Is 121029 a prime number?
False
Is 1478 a prime number?
False
Is 4499 a prime number?
False
Is 1374407 a composite number?
False
Is 7745 prime?
False
Is 4271 prime?
True
Is 37255 composite?
True
Is 1629971 prime?
False
Is 32491 prime?
True
Is 3334685 composite?
True
Is 182379 composite?
True
Is 85661 prime?
True
Is 794327 prime?
True
Is 223111 composite?
True
Is 9029 prime?
True
Is 413921 composite?
True
Is 63793 composite?
False
Is 4031 composite?
True
Is 273031 a prime number?
False
Is 175543 prime?
True
Is 15961 a composite number?
True
Is 90667 composite?
True
Is 1041 prime?
False
Is 124859 a composite number?
True
Is 76147 a composite number?
False
Is 5490227 prime?
True
Is 27329 a prime number?
True
Is 2132177 a prime number?
True
Is 6899 a prime number?
True
Is 35413 a prime number?
False
Is 18355 a prime number?
False
Is 18533 a composite number?
True
Is 568349 a composite number?
False
Is 1907 a composite number?
False
Is 163294 a composite number?
True
Is 1304881 prime?
False
Is 87 composite?
True
Is 214501 a composite number?
True
Is 254251 composite?
True
Is 10577 prime?
False
Is 6683 a composite number?
True
Is 35093 a composite number?
True
Is 254 composite?
True
Is 46973 a composite number?
True
Is 3793 a composite number?
False
Is 362818 prime?
False
Is 19553 composite?
False
Is 21787 prime?
True
Is 1205819 a prime number?
True
Is 2503 composite?
False
Is 382895 prime?
False
Is 12889 prime?
True
Is 218137 a composite number?
False
Is 475141 prime?
True
Is 358829 a composite number?
False
Is 95314 prime?
False
Is 356467 a composite number?
False
Is 3983 composite?
True
Is 17153 prime?
False
Is 986759 composite?
False
Is 7687291 a composite number?
True
Is 21541 a composite number?
True
Is 9031 composite?
True
Is 891223 a composite number?
False
Is 301867 composite?
False
Is 42827 a prime number?
False
Is 311381 a prime number?
False
Is 4327 a prime number?
True
Is 111721 a composite number?
False
Is 27419 a prime number?
False
Is 29921 prime?
True
Is 346169 composite?
False
Is 574759 a prime number?
False
Is 42979 a prime number?
True
Is 78266 a prime number?
False
Is 335549 composite?
True
Is 191953 a prime number?
True
Is 56083 composite?
True
Is 15551 a prime number?
True
Is 5191 a prime number?
False
Is 8641 composite?
False
Is 52795 a prime number?
False
Is 12949 composite?
True
Is 2887 a prime number?
True
Is 34681 a prime number?
False
Is 94495 composite?
True
Is 84163 a prime number?
True
Is 88061 a composite number?
True
Is 26141 composite?
False
Is 2566 a prime number?
False
Is 133847 composite?
True
Is 13523 prime?
True
Is 19121 composite?
False
Is 5981 a composite number?
False
Is 4117 a composite number?
True
Is 25183 a composite number?
False
Is 21947 a composite number?
True
Is 6485 a composite number?
True
Is 28387 composite?
False
Is 1541 a prime number?
False
Is 37847 a prime number?
True
Is 278029 a composite number?
False
Is 7481 a composite number?
False
Is 220577 composite?
True
Is 244087 composite?
False
Is 3163 prime?
True
Is 29741 prime?
True
Is 37046 prime?
False
Is 907 composite?
False
Is 34253 a prime number?
True
Is 53 a composite number?
False
Is 95653 composite?
True
Is 185221 a prime number?
True
Is 311737 a composite number?
False
Is 13397 a composite number?
False
Is 187879 composite?
True
Is 600353 a prime number?
False
Is 476299 a composite number?
False
Is 21059 a prime number?
True
Is 32749 a composite number?
False
Is 1385273 a prime number?
True
Is 216941 prime?
False
Is 691799 prime?
True
Is 1695989 composite?
False
Is 737531 composite?
False
Is 45183 a composite number?
True
Is 67121 composite?
False
Is 1531 a composite number?
False
Is 2707589 composite?
False
Is 13094 prime?
False
Is 11719 prime?
True
Is 323434 composite?
True
Is 91867 prime?
True
Is 12569 composite?
False
Is 732889 composite?
False
Is 154091 a composite number?
True
Is 8889 composite?
True
Is 781 composite?
True
Is 1337 a composite number?
True
Is 1831 prime?
True
Is 53 a prime number?
True
Is 97445 a composite number?
True
Is 771731 composite?
True
Is 241685 prime?
False
Is 331223 composite?
True
Is 51367 a composite number?
True
Is 55882 prime?
False
Is 450529 a composite number?
False
Is 5563 a prime number?
True
Is 13597 a prime number?
True
Is 26665 composite?
True
Is 3011 a prime number?
True
Is 33287 a prime number?
True
Is 152681 prime?
True
Is 1045799 prime?
True
Is 149585 prime?
False
Is 909661 prime?
False
Is 31307 composite?
False
Is 6982 composite?
True
Is 48857 composite?
False
Is 12497 a composite number?
False
Is 19559 prime?
True
Is 38146 composite?
True
Is 289229 a prime number?
False
Is 1693 a composite number?
False
Is 44069 a composite number?
True
Is 488671 a prime number?
False
Is 28958 prime?
False
Is 375083 a prime number?
True
Is 9637 prime?
False
Is 80741 prime?
False
Is 2062 a composite number?
True
Is 1147858 prime?
False
Is 20267 composite?
True
Is 17551 a prime number?
True
Is 378413 prime?
False
Is 493853 prime?
True
Is 2188255 prime?
False
Is 201693 a prime number?
False
Is 113327 a prime number?
True
Is 3199857 a prime number?
False
Is 11213 a prime number?
True
Is 2053 a prime number?
True
Is 17371 a composite number?
True
Is 734 composite?
True
Is 10487 composite?
False
Is 15511 a composite number?
False
Is 59537 a prime number?
False
Is 6609 a composite number?
True
Is 6547 composite?
False
Is 54889 composite?
True
Is 52973 prime?
True
Is 30539 a composite number?
False
Is 1361 a composite number?
False
Is 21377 a composite number?
False
Is 406481 prime?
True
Is 21583 a composite number?
True
Is 594691 composite?
True
Is 97411 prime?
False
Is 9263 a prime number?
False
Is 4721 composite?
False
Is 19403 composite?
False
Is 4427 a prime number?
False
Is 232919 a prime number?
True
Is 185987 a prime number?
True
Is 5938 a prime number?
False
Is 17623 a prime number?
True
Is 974 a prime number?
False
Is 2053 prime?
True
Is 78941 prime?
True
Is 119005 composite?
True
Is 901 prime?
False
Is 142 prime?
False
Is 1077865 composite?
True
Is 388013 a composite number?
True
Is 25663 prime?
False
Is 80663 a prime number?
False
Is 5758 a prime number?
False
Is 55997 a prime number?
True
Is 769 prime?
True
Is 1119761 composite?
True
Is 16041 composite?
True
Is 1363 a prime number?
False
Is 6779 a prime number?
True
Is 62819 prime?
True
Is 139415 a prime number?
False
Is 83773 composite?
False
Is 28369 prime?
False
Is 4373 prime?
True
Is 21703 a prime number?
False
Is 1567 a prime number?
True
Is 903041 prime?
False
Is 274535 prime?
False
Is 3079 prime?
True
Is 9289 a prime number?
False
Is 4999 composite?
False
Is 25649 composite?
True
Is 190357 prime?
True
Is 428401 prime?
True
Is 1499 a composite number?
False
Is 39887 composite?
False
Is 8131 composite?
True
Is 288969 composite?
True
Is 93463 a prime number?
True
Is 3132323 a composite number?
False
Is 101267 prime?
True
Is 1543 a composite number?
False
Is 70259 composite?
True
Is 263819 a composite number?
False
Is 3203 composite?
False
Is 40949 a prime number?
True
Is 10123 composite?
True
Is 1030787 a prime number?
True
Is 56981 prime?
False
Is 174089 composite?
True
Is 292865 a composite number?
True
Is 3117 a composite number?
True